2 - 17*o - 13. Let y be m(9). Let b be l(y). Let c(j) = -15*j. What is c(b)?
45
Suppose -5*s - 5*t + 120 = 0, 0*s = 2*s + t - 46. Let m = s - 17. Let p(w) be the second derivative of -w**5/20 + w**4/2 - w**3 + w**2 - 4*w - 2. Give p(m).
-3
Let q(o) = -o + 10. Let m be q(8). Suppose -f = m*f. Let r(j) = -j**2 + j - 5. Let k(g) = -g**2 + g - 3. Let l(p) = 3*k(p) - 2*r(p). Give l(f).
1
Let h = 513 + -490. Suppose 3*w + 3 = 0, -w + h = -3*k - 3*w. Let d(s) = -s**2 - 8*s + 7. What is d(k)?
14
Let i(x) = 3*x + 27. Let y be i(-8). Suppose 3*b = 2*s - 2*b + 20, 12 = -3*s + y*b. Let o = s + -5. Let d(m) = m - 1. Calculate d(o).
-6
Suppose 57 = -32*g + 13*g. Let d(z) be the third derivative of -2/3*z**3 - 1/24*z**4 + 0 + 1/60*z**5 + 2*z**2 + 0*z. Calculate d(g).
8
Let i(o) be the first derivative of -o**3/6 - 2*o**2 - 85*o + 117. Let v(p) be the first derivative of i(p). Give v(-4).
0
Suppose -3*s - 928 = 53. Let l be s/(-7) - 8/(-28). Let b(h) = 25*h**2 + 21*h**2 + 1 - l*h**2. What is b(-2)?
-3
Let a(n) = -n**3 + n**2 + n - 10. Let v(g) = -g - 22. Let h be v(-10). Let c be ((-351)/h)/9 - (-1)/(-4). Suppose -c*s = -10*s. What is a(s)?
-10
Let p(r) = 11*r**3 - 12*r**2 - r - 9. Let f(s) = -13*s**3 + 14*s**2 - s + 8. Let b(m) = 5*f(m) + 6*p(m). Calculate b(-2).
-8
Let n(b) = -b**2 + 15*b - 11. Let x be n(8). Suppose 33 = -4*c + x. Let a(l) = c - 1 - 45*l**2 + 46*l**2 - 8*l. What is a(3)?
-13
Let m(i) be the third derivative of -i**4/12 - i**3/6 - 2*i**2. Let w = 10146 + -10145. Let u(s) = -s - 9. Let d(c) = w*u(c) - 2*m(c). Determine d(6).
11
Let o(q) = 8*q + 46. Suppose -3*w - 282 = 3*y - 276, 2*w = -4*y - 20. Determine o(y).
-18
Let v = 843 + -833. Suppose 3*s = x - v, s - 4*x = x + 20. Let d(p) = 7 + 2*p**2 - 3*p**2 + 5*p + 2*p**2. Give d(s).
7
Let m(o) be the second derivative of -1/6*o**4 - 3/2*o**2 - 5/6*o**3 + 201*o + 0. What is m(-4)?
-15
Let j(y) = -24*y - 22*y**3 - 8 - 22*y**2 - 22*y**3 + 46*y**2 + 43*y**3. What is j(23)?
-31
Let x(t) be the first derivative of 3*t**2/2 + 11*t + 6936. Suppose 0*a - a - 5*d = -21, 5*a + d + 15 = 0. Determine x(a).
-1
Let d(i) be the first derivative of i**2/2 + 2*i - 3. Let v = 8646 - 8638. Give d(v).
10
Let n = -155739 + 155736. Let u(q) = 6*q**3 + 3*q**2 + 6*q + 4. Let d(y) = y**3 + y. Let b(z) = 5*d(z) - u(z). Determine b(n).
-1
Let t(g) = -12*g**2 - 9*g - 53. Let l(j) = 7*j**2 + 4*j + 29. Let c(r) = 7*l(r) + 4*t(r). Calculate c(7).
-16
Let i(u) = 2*u**2 - 4*u + 4. Let k be i(2). Let y(c) be the first derivative of c**4/4 - 4*c**3/3 + c**2 + 4*c - 9. Give y(k).
12
Let b(y) = -y**2 + 8*y - 8. Let p(w) = w**2 - 9*w + 27. Let t be p(11). Let g be -1 - t/21*-3. Give b(g).
4
Suppose 0 = -2*d - 3*b - 3, 4*d + 1 = -3*b + 4. Let n(g) = 92*g**3 - 25 - 16*g - 49*g**d + 8*g**2 + 11*g**2 - 44*g**3. Give n(18).
11
Let s be (-8)/40*-1 - (-72)/15. Suppose -5*x + 35 = -0*f + 2*f, -50 = -s*x - 5*f. Let o(q) = q**2 - 5*q - 5. Determine o(x).
-5
Let p(y) be the second derivative of y**4/6 - y**3/6 - 2*y**2 - 6*y + 57. Calculate p(4).
24
Let y(p) = -8*p**2 - p + 4. Let g(l) = -l**2 + 1. Let s(o) = 4*g(o) - y(o). Let t be 4/16*(-31 - -39). Calculate s(t).
18
Let y(z) be the third derivative of -z**5/20 + z**4/8 - 5*z**3/3 + 41*z**2 - 9*z. Give y(3).
-28
Let q = -7341 + 7344. Let z(j) = 6*j**2 - 3. Calculate z(q).
51
Let b be 45/(0 - (-1)/(-3)). Let k = b - -137. Let f(z) = 2*z**3 - 3*z**2 + z + 1. Calculate f(k).
7
Let t(h) = -h**3 + 24*h**2 - 22*h + 21. Let u be (-10 - 197)*24/(-216). Give t(u).
44
Let u = 174 + -169. Let j(v) = v**2 - 9*v. Let b(g) = 2*g**2 - 17*g. Let d(q) = 4*b(q) - 7*j(q). Determine d(u).
0
Let y(n) = 2*n**3 + n**2 - 4*n. Suppose -30 + 21 = 9*o. Let b(m) = m**3 + m**2 + m - 1. Let t(s) = o*b(s) + y(s). What is t(2)?
-1
Suppose -3*h - 3*z + 23 = -z, 0 = 2*h - 5*z + 10. Let i(n) = -2*n + 30. Calculate i(h).
20
Let a(w) = w**2 - 2*w - 1. Let r(k) = -5*k**2 + 4*k + 11. Let n be -6 - (6 + -2 - 9). Let p(b) = n*r(b) - 4*a(b). Let s be 6*(3/(-1) - -2). Give p(s).
5
Let r(o) be the third derivative of -o**4/6 + 29*o**3/2 - 7*o**2. Suppose -44*b + 38*b + 126 = 0. Let m be r(b). Let n(d) = d**3 - 3*d**2 - 2. Calculate n(m).
-2
Let m(s) = -6 + 2 + 3 + s. Let a be 6/(-2)*1*(-6 - -5). Suppose 4*k = k + a. Calculate m(k).
0
Let x = 12 + -8. Let h = 50 - 56. Let a(y) = -34*y - 20. Let w(k) = 16*k + 9. Let v(l) = h*a(l) - 13*w(l). Determine v(x).
-13
Let r(c) = -7*c + 3. Let b be r(0). Suppose l + 4 = -0*l, -b*v = -3*l - 42. Let o(q) = -q + 11. Calculate o(v).
1
Let t(k) = -k**2 + 10*k + 5. Let w be 20/3*39/26. Let h be t(w). Suppose 2*a = h*a. Let j(g) = g**3 - g + 4. What is j(a)?
4
Let k(x) = -x**3 + 10*x**2 + 42*x - 37. Suppose -i = -3*g - g + 45, -4*g + 73 = 3*i. What is k(g)?
2
Let f(o) = o**3 - 6*o**2 - 19*o + 21. Suppose -5*i + 937 - 897 = 0. Determine f(i).
-3
Let s(n) = 2*n**3 + 11*n**2 + 11*n - 13. Let l(i) be the third derivative of i**6/120 - i**5/30 - i**3/6 - 68*i**2. Let u(o) = l(o) - s(o). Determine u(-12).
0
Let q be (-24)/(-104) - (-1494)/117. Let x(g) = 2*g**3 - 25*g**2 - 13*g + 8. Give x(q).
8
Let h(b) = 13*b**2 - 70*b - 49. Suppose -48*x + 17 = -69 - 202. Calculate h(x).
-1
Let r(q) be the second derivative of -4*q**2 - 50*q - 7/6*q**3 + 0 + 1/12*q**4. What is r(7)?
-8
Let k(u) = u**3 + 20*u - 7*u - 5*u - 3 - u**2 + 4*u**2 - 10*u. What is k(-3)?
3
Suppose 3*z + 24 = -3*d, 517*z - 521*z + 5*d = 5. Let p(t) = t**3 + 6*t**2 - t - 30. What is p(z)?
0
Let i be 0*-8*12/384. Let b(p) be the third derivative of 2/3*p**3 + 0 + 6*p**2 + i*p - 1/24*p**4. Calculate b(-5).
9
Let x(a) = 0 + 8 + 0*a - 2*a. Suppose -36*p + 150 = 141 - 315. Determine x(p).
-10
Let s(k) = k**3 + k + 3. Let c be -4 - (1*-3)/(78/286). Let d(g) = 3*g**3 + 3*g + 13. Let r(i) = c*s(i) - 2*d(i). Let z = 1 + -1. Give r(z).
-5
Let o(n) = n**3 + 25*n**2 + 3*n - 3. Let q(b) = b**3 + 19*b**2 + 2*b - 2. Let a(j) = 4*o(j) - 5*q(j). Calculate a(4).
22
Suppose 0 = -17*j - 5*x - 79, 32 = -57*j + 59*j - 4*x. Let a(y) = -4*y + 4*y + y + 3. Determine a(j).
1
Suppose -h - 2*d + 4 = 0, -h - 14*d = -17*d + 1. Let k(t) = -368*t**2 - 378*t**2 + 747*t**h - 13*t - 4. Calculate k(14).
10
Let q(m) = 2 - m**2 + 0 - m - m. Let k(y) = -25. Let f(d) = -d. Let i(u) = 2*f(u) - k(u). Let s be i(14). Determine q(s).
-1
Let m(c) = c**2 - 29 + 18 + 23*c - 3*c + 8 + 11. Determine m(-19).
-11
Let o(u) be the third derivative of -u**6/360 - u**5/40 + 11*u**4/8 - 2*u**3/3 + 170*u**2. Let j(r) be the second derivative of o(r). Calculate j(-8).
13
Let b = 1310 + -1317. Let u(x) = x**3 + 9*x**2 + 7*x - 3. What is u(b)?
46
Let f be -1*(-3 + 0)/1. Let r(t) = -6*t**2 + t**f - 4 + 0*t**3 + t + 7. Let a = -337 - -342. Give r(a).
-17
Let j = 11 - 17. Let k = j - -11. Let v(x) = 48*x - 106*x + 55*x - 413 + 420. Give v(k).
-8
Let q(h) be the second derivative of 30*h - 1/2*h**3 + 0 - 7/2*h**2. Let v be (-46)/10 + 10/(-25). Determine q(v).
8
Let d(g) = g**3 + 6*g**2 + 3*g - 2. Let n(q) = -3*q + 2. Let r be n(-7). Let x(c) = -2*c**2 + 49*c - 12. Let i be x(r). Let f = i - 62. Give d(f).
8
Let r(d) = -2*d**2 + 3*d - 2. Let h = 101 + -26. Let o = 77 - h. Suppose 2*f - i = -f + 4, 3*f - o*i - 2 = 0. What is r(f)?
-4
Let h(j) = 905*j + 24. Let v(f) = -118*f - 3. Let i(a) = 6*h(a) + 46*v(a). What is i(-6)?
-6
Let i = -3 - -8. Let m(p) = p**2 + p + 4. Let x be m(5). Let a(q) = 71 - x - 35 + q. What is a(i)?
7
Let v(m) be the second derivative of m**5/20 + m**4/24 - m**3/2 - 58*m**2 + 89*m. Let y(w) be the first derivative of v(w). Determine y(-4).
41
Let y(a) = a**3 + 9*a**2 + 10*a + 10. Suppose 2*w = -2*u - u + 339, -5*u + 567 = 4*w. Let b = -218 + u. Let d = 99 + b. Determine y(d).
-6
Let g = -83 + 86. Suppose g*b = 12*b. Let f(m) = 3*m**3 + 0*m**2 + b*m**3 - 5*m**3 + m + m**2. Give f(-1).
2
Let y = -8 + 8. Let w(b) be the third derivative of -1/6*b**3 + 0 + b**2 - 1/30*b**5 + y*b - 1/6*b**4. Give w(-3).
-7
Let p(b) = -6. Let f(x) = -x. Let l(y) = -4*f(y) - p(y). Let r = 168 + -156. Suppose 5*a - 14*d + 22 = -r*d, 0 = a + 4*d. What is l(a)?
-10
Let f(u) = u + 1. Let g = 0 + -1. Let y(o) = 3*o**2 - o**2 + 32*o - 35*o - 4*o**2 + 1 + 0*o**2. Let v(h) = g*y(h) - 3*f(h). Give v(-3).
14
Suppose 43*w - 39*w - 28 = 0. Let c(v) = 26771*v - 26771*v + w*v**2 + 1. What is c(-1)?
8
Suppose 6*x - 17721 + 